 Calculate a(3).
-7
Let b(l) = l**3 - 5*l**2 - 6*l - 1. Let t be (1/1)/((-10)/(-60)). Calculate b(t).
-1
Let x(h) = 5*h + 1. Suppose 0 = 4*l + l - 25. Let p = l - 6. Let u(s) = -s - 1. Let a(q) = p*x(q) - 2*u(q). Determine a(2).
-5
Let w(n) be the third derivative of n**4/12 - n**3/3 - 2*n**2. Let v = 0 - -2. Determine w(v).
2
Suppose -3*s + 12 = c, -2*s + 0*s + 5*c = 9. Let p(a) = 0*a**s + 2*a**3 + 0*a**3 - a**2 + 1 + 0*a**3. Give p(-1).
-2
Let l(w) = -3*w - 1. Let u(i) = -i**2 + 5*i - 4. Let k be u(2). Calculate l(k).
-7
Let h(v) = v - 6. Suppose -z = -l + 1, -5*z - 6*l = -2*l - 31. Let y = 7 - z. Give h(y).
-2
Let n be (1/(-5))/((-1)/5). Let c = -1 - -2. Let t(q) = n + 2 + 2*q + 3 + c. What is t(-5)?
-3
Let n(d) = 5*d**2 - 2*d**2 + 6*d - 7 - 4*d**2. Let h be n(5). Let r = h + 1. Let s(m) = 9*m**2 + m + 1. Calculate s(r).
9
Let f(q) = -q + 1. Let k(m) = m**2 - 2*m - 1. Let w(i) = -f(i) - k(i). Let z = -1 + 4. Calculate w(z).
0
Let f(n) = n**2 - 5*n - 5. Let z be f(6). Let u(d) = d + 2*d - 1 - 6*d. Determine u(z).
-4
Let w(r) be the third derivative of -r**8/20160 + r**7/1008 - r**5/60 - 3*r**2. Let t(o) be the third derivative of w(o). Give t(5).
0
Let v(k) = k - 4. Let c(o) = 1. Let f(h) = -2*c(h) - v(h). Calculate f(-5).
7
Let j(t) be the first derivative of -t**7/840 - t**6/60 - t**5/24 + t**4/24 - 3*t**3 + 8. Let y(b) be the third derivative of j(b). Calculate y(-5).
1
Let o(z) = 6*z**2 - 2*z - 1. Let a be o(-1). Suppose a*y - 2*y + 5*c = -20, c = -4*y - 1. Suppose -11 + y = -5*i. Let s(d) = d**2 - 2*d + 3. Determine s(i).
3
Let c(r) = -5*r**3 + r**2 - 1. Let h be -2*3/(-6)*1. Determine c(h).
-5
Let l(x) = x**2 + x - 2. Let c be 2/((-4)/(-2)) - 3. Determine l(c).
0
Let x(w) be the third derivative of 1/120*w**6 - 3*w**2 - 1/6*w**4 + 1/12*w**5 + 0 + 0*w + 7/6*w**3. Determine x(-6).
-5
Let h(s) = -4*s - 5. Let m(z) = 9*z + 9. Let x(b) = 7*h(b) + 4*m(b). Let w = 10 - 14. Let p = w - -3. What is x(p)?
-7
Suppose -2*t + 10 = -5*c + 24, -5*t + 27 = 3*c. Let d(p) = 3*p**3 - 3*p**2 - 4*p + 4. Let m(y) = -y**3 + y - 1. Let j(s) = -d(s) - 2*m(s). What is j(t)?
4
Let c(u) = u**3 + 3*u**2 - 4*u + 2. Let p = 26 - 24. Determine c(p).
14
Let r(c) = c - 5. Let j be r(4). Let w(v) = 2*v - 2. Let i(g) = -g + 2. Let p be (-4)/(0 - -1) + 2. Let d(h) = p*w(h) - 3*i(h). Give d(j).
-1
Let f(r) = 2*r - 3. Let k be f(2). Suppose k = -b + 3. Let d(n) = -3 - 2*n + 0*n + n + b. Give d(-5).
4
Let i(b) = 15*b + 1 - 2 - 6*b - 11*b. Give i(-1).
1
Let o(j) = 10*j + 3. Let p(f) = -7*f - 2. Let q(x) = -5*o(x) - 7*p(x). Let u = -22 + 16. What is q(u)?
5
Let t(o) = -o + 13. Let v(q) = -4. Let b(f) = 2*t(f) + 7*v(f). What is b(-7)?
12
Let c(v) = -3*v**2 + v + 3. Let j(x) = -4*x**2 + 2. Suppose 6*a = 10*a + 8. Let b(f) = a*j(f) + 3*c(f). Calculate b(5).
-5
Let o(g) be the first derivative of -g**4/4 - g**3 + 3*g**2/2 + 3*g + 3. Let j be 0 + -1 + 3 + -6. Determine o(j).
7
Let v = -3 - -17. Suppose 2*t = t + v. Let d(m) = 3 + 4*m - t - 3*m. What is d(6)?
-5
Let i(c) = -5*c**3 - 2*c**2 + 2*c - 1. Let k(a) = a + 10 + 0*a - 3. Let f be k(-6). Give i(f).
-6
Let h(f) = -4*f + 13. Let m(n) = 6*n - 19. Let i(s) = 7*h(s) + 5*m(s). Suppose 0 = -2*u - u - 3*g - 9, 0 = -2*g - 8. Let k be (-8)/(-20)*10*u. What is i(k)?
4
Suppose 24 = -3*v + c - 19, 2*v + 30 = 2*c. Let s = -14 - v. Let y(m) = -m**3 - m - 5. Calculate y(s).
-5
Let a = -85 + 86. Let g(s) = 9*s**3 - 2*s + 1. Give g(a).
8
Let p(t) = 2*t + 0*t**3 + 6 + 1 - 6*t**2 - t**3. Give p(-6).
-5
Let j(b) = b**2 + b**2 - 3*b**2 + 6*b**2 + b**3 + 5*b. Determine j(-4).
-4
Let l(t) = -t**2 - 4*t + 3. Let c = -9 + 14. Suppose 4 = -i + 5*f + 1, -c*i - 4*f = -14. Let q = -6 + i. Calculate l(q).
3
Let c(k) = 2*k**2 - k - 1. Let u(q) = -q - 5. Suppose s = 5*j + 18, 4 = s - j - 2. Let a(r) = -2*r**2 + 3*r + 2. Let o be a(s). Let b be u(o). What is c(b)?
5
Let b(z) = 8*z**3 + 2*z**2 + z + 1. Let y(c) = 8*c**3 + 3*c**2 + 2*c + 1. Let g(l) = 3*b(l) - 2*y(l). Determine g(1).
8
Let m(f) = -2*f - 8. Let k(r) = r + 4. Let i(o) = 5*k(o) + 2*m(o). Suppose -5*q + s - 20 = 0, 10*q + 20 = 5*q - 5*s. What is i(q)?
0
Let t(z) = -z - 9. Let v be (-5)/20 + (-23)/4. Let r = v + 10. Suppose u + 7 + 13 = -5*f, 0 = -5*u - f - r. What is t(u)?
-9
Let f(m) = m**2 - 1 + 3*m**2 + 2*m + 3*m**2 - 6*m**2. Determine f(-2).
-1
Let t be (84/36)/(1/3). Let f(b) = b**2 - 6*b - 3. Give f(t).
4
Let i(f) = 4*f + f**2 - 5*f + 0*f. Let q = 105 - 106. Calculate i(q).
2
Let t(n) be the first derivative of -n**4/4 - 7*n**3/3 - 5*n**2/2 - 2*n + 21. Give t(-6).
-8
Let z(i) = -9*i. Suppose -14 = -4*l + 3*g - 2*g, -2*l + 14 = -4*g. Suppose a = -2 + l. Give z(a).
-9
Let p(l) = -2*l + 8. Suppose 5*i - s - 34 = 0, i + 2 = -4*s + 2*s. Suppose 0 = o - i. Give p(o).
-4
Let d(z) be the second derivative of -z**4/12 + z**3/6 + 5*z**2 + z. Let m(f) = 1 - 9 - 2 - f + 2. Let i be m(-8). Determine d(i).
10
Suppose 3 - 12 = -3*i, 3*y - 2*i = 0. Let g(j) = -y*j + 4*j - 4*j. Suppose 6*b + 24 = -s + b, -s + 5*b + 16 = 0. Give g(s).
8
Let i(m) = -6*m**3 + m**2 + m - 1. Suppose -2 = -5*t - 3*y - 1, -5*t + 4*y = -22. Suppose -5*g + 4 = -4*l - 4, t = -l - 2*g. Let q = 3 + l. What is i(q)?
-5
Let j(f) = -f**2 - 4*f - 1. Suppose 3*d - 17 = 19. Suppose 4*q = -4 - d. Calculate j(q).
-1
Suppose 0*v - 12 = 3*v. Let t(w) be the second derivative of w**3/6 - w**2/2 - w. Determine t(v).
-5
Let c(i) be the second derivative of -i**4/3 - i**3/3 - i**2/2 + 4*i. Calculate c(-1).
-3
Let q(s) = -s**3 - 6*s**2 - 2*s + 18. Let x be q(-5). Let i(a) = a**2 - 3*a + 4. Calculate i(x).
4
Let q = 3 - 6. Let m(a) be the first derivative of a**6/180 + a**5/40 - a**4/24 + a**3 - 3. Let p(t) be the third derivative of m(t). Determine p(q).
8
Suppose 0 = 4*m - 6 - 6. Let x(z) = 2*z + 0 - 2 + m. Give x(-4).
-7
Let n be 1 - 13/4 - (-1)/4. Let f(g) = -2*g**2 - 2*g - 2. What is f(n)?
-6
Let l(w) = -36*w + 13 + 82*w - 43*w. Give l(-6).
-5
Let y(k) = k**3 - k + 6. Let o(a) = -a + 4. Let x(t) = -3*t + 12. Let b(d) = 17*o(d) - 6*x(d). Let v be b(4). Calculate y(v).
6
Let g(t) be the third derivative of t**9/20160 - t**8/10080 + t**6/720 - t**5/30 - 2*t**2. Let z(q) be the third derivative of g(q). Calculate z(-1).
-4
Let s be (-2)/(-6) - (-19)/(-3). Let t(q) = -7*q**2 - 5*q + 12. Let m(o) = 3*o**2 + 3*o - 6. Let w(y) = -5*m(y) - 2*t(y). What is w(s)?
0
Let i(t) = -7 + 7*t**2 - 1 + 2*t**3 - t**3 - 1. Let c(d) = 4*d**2 - 5. Let a(y) = 7*c(y) - 4*i(y). Give a(1).
-3
Let p(l) = -134*l + 21*l**2 + 134*l. Give p(1).
21
Let p(a) = -a**2 - 5*a + 4. Let l be p(-6). Let o be (l - -1) + 2 - 1. Let k(g) = o + 2*g - 3*g + 1. What is k(5)?
-4
Let b(d) = 5*d + 21. Let w(l) = 3*l + 11. Let m(n) = -4*b(n) + 7*w(n). Suppose -159*u = -168*u. Calculate m(u).
-7
Suppose 0 = -5*o - 19 - 21. Let s be 10/o - (-2)/8. Let m(u) = u**2 - 1. What is m(s)?
0
Let p = 65 - 63. Let k(i) = 8*i - 3. What is k(p)?
13
Let h = -1 - -1. Let w be h + 2*(-2)/(-4). Let n(p) = -p**3 + 2*p**2 - p + 1. Determine n(w).
1
Let x(s) be the first derivative of s**3/3 + 7*s**2/2 + s + 2. Determine x(-6).
-5
Let h be 6/4*(-1 - -3). Let i(a) = h*a - 2 + 0 - 2*a. Determine i(5).
3
Suppose -15 = -z + 4*z. Let o(w) be the second derivative of w**4/12 + 2*w**3/3 + 187*w. What is o(z)?
5
Let g = 4 - 3. Let l be (0 - g)/((-1)/3). Let n(y) be the second derivative of -y**3/6 + y**2 - 2*y. What is n(l)?
-1
Suppose -2*h + 10 = -2*x, 6*h - 2*h = -5*x - 25. Let m = 4 - h. Let y(f) = -f**2 + 3*f - 1. Determine y(m).
-5
Suppose 0*k + 4*k = 16. Let f(l) be the third derivative of 1/24*l**k + 0 + 2*l**2 - 1/3*l**3 + 0*l. Give f(-2).
-4
Let r be 3/(-1 - 5)*-4. Suppose -u + 2*u = 2, r*u = 5*p + 29. Let l = p - 0. Let o(d) = -d**3 - 5*d**2 + d + 5. Give o(l).
0
Let f(q) = q**3 - 4*q**2 - 12*q + 2. Let t be f(6). Let w(c) be the first derivative of -1/2*c**2 + 2/3*c**3 + t + 0*c. Calculate w(-1).
3
Let a(l) = l**3 + l - 1. Let h(w) = 6*w**3 + 4*w**2 + 4*w - 3. Let q(d) = 5*a(d) - h(d). Give q(-4).
-6
Let y(r) be the second derivative of r**3/6 + 5*r**2/2 - 27*r. What is y(-4)?
1
Let n(m) = -4*m**3 + 3*m**3 + m + 3*m**2 + 3*m**3. Suppose 5*l - 4 = 11. Let j be l*(3/9 + -1). What is n(j)?
-6
Let n(m) = -17*m**3 + m - 6. Let q(b) = -b**3 - 1. Let x(a) = n(a) - 6*q(a). Suppose -5*s - 3*s - 8 = 0. Determine x(s).
10
